2780
In base 12, what is -15b854 - 3?
-15b857
In base 15, what is 3 + -cd6d?
-cd6a
In base 7, what is -106 - -1105?
666
In base 5, what is -32 + -21002323?
-21002410
In base 2, what is 10100 - 101111100?
-101101000
In base 3, what is -12001 - -1011120?
222112
In base 4, what is 33 + 32023?
32122
In base 4, what is 0 + 32103?
32103
In base 12, what is 1 - 37ab88?
-37ab87
In base 13, what is -47029 + 4?
-47025
In base 11, what is -370 + -4a?
-40a
In base 3, what is -1011110220011210 + -12?
-1011110220011222
In base 15, what is -4 + -219e?
-21a3
In base 5, what is -201 - 1331042?
-1331243
In base 12, what is -3 + -10002?
-10005
In base 14, what is 417 + -96?
361
In base 2, what is 101 + 11101010001?
11101010110
In base 16, what is -3 + -6eba?
-6ebd
In base 14, what is 28c78 - -13?
28c8b
In base 7, what is 22561055 - -4?
22561062
In base 2, what is 11000101 + -1001001?
1111100
In base 12, what is 3418 + -3?
3415
In base 5, what is 1020200 - 2?
1020143
In base 12, what is 0 + -19057?
-19057
In base 10, what is -680 + 278?
-402
In base 10, what is -65 + -496?
-561
In base 8, what is -427 + 5537?
5110
In base 12, what is -4 - 2952?
-2956
In base 3, what is -10 + 111001210222?
111001210212
In base 9, what is 1 - 3501?
-3500
In base 7, what is -13530 + -36?
-13566
In base 11, what is 21 - 5a6?
-585
In base 13, what is 82b + -10ba?
-58c
In base 16, what is -1 - 46d4?
-46d5
In base 9, what is 101016 + 0?
101016
In base 4, what is -2333 - -203?
-2130
In base 7, what is 11 + 511666?
512010
In base 10, what is 11725 - 23?
11702
In base 8, what is 1001166 - 3?
1001163
In base 12, what is 811b09 + 5?
811b12
In base 12, what is -474 - 5?
-479
In base 13, what is 35 + -8c8?
-893
In base 4, what is -11 + -10323003?
-10323020
In base 10, what is -4 - -10313?
10309
In base 15, what is -1ab + -51?
-20c
In base 7, what is -321 - -113051?
112430
In base 6, what is -5 - 11142235?
-11142244
In base 16, what is -4 + -16da?
-16de
In base 13, what is 2b2 + -4b97?
-48b5
In base 12, what is 5 + 2a6982?
2a6987
In base 4, what is 10 + 11003022301?
11003022311
In base 3, what is 20201 + -1001020122?
-1000222221
In base 12, what is -3 - 57760?
-57763
In base 6, what is 105102 - -134?
105240
In base 7, what is -40 + -350305?
-350345
In base 8, what is -324 - 3405?
-3731
In base 15, what is -14b - -290?
144
In base 3, what is -1010 + 12202022202?
12202021122
In base 15, what is -e1a - -3?
-e17
In base 16, what is aaebd - -5?
aaec2
In base 8, what is 2 + 156051?
156053
In base 8, what is -4 - -13740?
13734
In base 8, what is 262664 - -33?
262717
In base 3, what is -211 - 1121120?
-1122101
In base 6, what is -341 + 4235?
3454
In base 3, what is 11 + -11010001022?
-11010001011
In base 4, what is 210210 - 12331?
131213
In base 2, what is 1000000110001 + 1010010?
1000010000011
In base 14, what is -276b3 - -3?
-276b0
In base 12, what is 1864b + -46?
18605
In base 2, what is 0 + -111011100000000000?
-111011100000000000
In base 5, what is -3010 - 0?
-3010
In base 7, what is -56503 + -25?
-56531
In base 2, what is 100101 - 101100100010110?
-101100011110001
In base 13, what is 5 - 359434?
-35942c
In base 2, what is 10100011101100111 - -10000?
10100011101110111
In base 7, what is -1560 - -15054?
13164
In base 13, what is 2081 + -5?
2079
In base 5, what is 22 + -31213?
-31141
In base 9, what is -4 - 2871563?
-2871567
In base 11, what is 0 - 397607?
-397607
In base 10, what is 22834 - -42?
22876
In base 5, what is 0 + -11232111?
-11232111
In base 16, what is -64 - -1b9?
155
In base 13, what is 3 + -1194c?
-11949
In base 7, what is -4 + 16634?
16630
In base 7, what is 12102633 - 1?
12102632
In base 7, what is 2 + 44432?
44434
In base 11, what is 1590 - a4?
1497
In base 2, what is 1011111 + -10010000?
-110001
In base 2, what is 10 - -11100000001?
11100000011
In base 5, what is -10 - 4220?
-4230
In base 10, what is 4 + -260481?
-260477
In base 9, what is 262 + 140?
412
In base 3, what is 11012122 + -1211?
11010211
In base 12, what is -b42 + -4?
-b46
In base 4, what is 100121 + 2323?
103110
In base 8, what is -22 - -123027?
123005
In base 14, what is 1 - 1d1c?
-1d1b
In base 10, what is -119 - -2056?
1937
In base 4, what is 2130300231 + 3?
2130300300
In base 8, what is -350 + 662?
312
In base 16, what is -1c28d - -3?
-1c28a
In base 13, what is -14 - 2248?
-225c
In base 13, what is 125c56 - 1?
125c55
In base 5, what is -22 - -3?
-14
In base 13, what is 142 - 177?
-35
In base 10, what is 266354 + -8?
266346
In base 5, what is 301340234 + 10?
301340244
In base 5, what is 2 + -132442?
-132440
In base 10, what is 0 - 63821?
-63821
In base 7, what is -21564 - -60?
-21504
In base 6, what is -315 - -1455?
1140
In base 2, what is -11111010100011110 + 10?
-11111010100011100
In base 12, what is -4 + 3279?
3275
In base 5, what is -43 + 21144?
21101
In base 12, what is 18489a + 7?
1848a5
In base 15, what is 1d - 44b?
-42d
In base 16, what is -37392 - 2?
-37394
In base 2, what is 110010000 - 10011111?
11110001
In base 16, what is -20d - -11b4?
fa7
In base 16, what is 85 - 60?
25
In base 10, what is 75 - 84079?
-84004
In base 5, what is -34201 + -12?
-34213
In base 13, what is -c078 - 5?
-c080
In base 7, what is 213 - -236?
452
In base 11, what is 96 - 245?
-15a
In base 16, what is -cf - 5ebd?
-5f8c
In base 12, what is 8 + 3911ba?
391206
In base 15, what is 24 - -e47?
e6b
In base 6, what is -210251 + -25?
-210320
In base 3, what is -21210212 - 221?
-21211210
In base 2, what is 0 + -11100101111100?
-11100101111100
In base 7, what is 53 + 1334?
1420
In base 16, what is -c9c1 - e?
-c9cf
In base 4, what is 23 + -201020210?
-201020121
In base 8, what is 17174 + -1?
17173
In base 14, what is -2dc14 + 8?
-2dc0a
In base 11, what is -6572 - 48?
-660a
In base 16, what is -50d3 + -3?
-50d6
In base 10, what is -6115 - -60?
-6055
In base 2, what is 1001000000 - -10010001?
1011010001
In base 5, what is 0 - -2344013?
2344013
In base 12, what is 164a + 203?
1851
In base 9, what is -20 - -2207?
2177
In base 9, what is -1275626 - 1?
-1275627
In base 13, what is 3 - 1ab4?
-1ab1
In base 14, what is -70d9 - -3?
-70d6
In base 12, what is -b7 - 385?
-480
In base 15, what is 9 + 235b?
2365
In base 13, what is -9a1 + -230?
-c01
In base 14, what is -4 + 3783?
377d
In base 16, what is -6f - -1a4?
135
In base 5, what is 2 - 140440030?
-140440023
In base 6, what is -3 - -421534?
421531
In base 7, what is 55640 + -10?
55630
In base 9, what is -47335 + 48?
-47276
In base 8, what is -33 - -1174?
1141
In base 14, what is 618a + 3?
618d
In base 5, what is -3144122422 - -1?
-3144122421
In base 3, what is -112002121021 + -2?
-112002121100
In base 10, what is -4 - -16846?
16842
In base 15, what is -1c66 + -2?
-1c68
In base 12, what is 45831 - 4?
45829
In base 2, what is -11100000000001 - -101?
-11011111111100
In base 3, what is 1222111 - 101100?
1121011
In base 16, what is -84fb + 2?
-84f9
In base 5, what is 21111432 + 0?
21111432
In base 15, what is -2a3c - -6?
-2a36
In base 7, what is -25336 - -3?
-25333
In base 3, what is -20 - 21210200?
-21210220
In base 15, what is 18 + -6e8?
-6d0
In base 4, what is 33 + -31232211?
-31232112
In base 10, what is 4236 - 15?
4221
In base 5, what is 124432 - 113?
124314
In base 3, what is -1112221122 + -10?
-1112221202
In base 8, what is -7345 - 4?
-7351
In base 3, what is -2011 - -11112?
2101
In base 5, what is 100 - -112123?
112223
In base 13, what is 2a - 1437?
-140a
In base 12, what is 2 - -154a3?
154a5
In base 12, what is 5b34 - 21?
5b13
In base 6, what is -22041 + -140?
-22221
In base 2, what is -1 + 110111000000?
110110111111
In base 10, what is 3 + 83091?
83094
In base 11, what is -209099 + 6?
-209093
In base 10, what is 1156 + 46?
1202
In base 13, what is 18b - 204c?
-1b91
In base 15, what is 27e27 - -1?
27e28
In base 4, what is 101110 + -101333?
-223
In base 12, what is 23bb04 - 1?
23bb03
In base 6, what is 102233225 - -4?
102233233
In base 13, what is -a66 - -2?
-a64
In base 8, what is 5003 - 1742?
3041
In base 14, what is -21bd1 - 3?
-21bd4
In base 12, what is 0 - -107aa?
107aa
In base 9, what is 47013 + -3?
47010
In base 8, what is -272314 + -1?
-272315
In base 15, what is 3 + -1495?
-1492
In base 10, what is -168847 - 3?
-168850
In base 9, what is -11146 - -4?
-11142
In base 8, what is -25514 - 